e the prime factors of m?
5, 13
Suppose -204 - 148 = -4*w. Suppose 6*s = 2236 - w. List the prime factors of s.
2, 179
Let f(n) = -n**2 + 20*n - 83. Let k be f(14). Let r(x) = 301*x + 13. List the prime factors of r(k).
2, 157
What are the prime factors of -62*(5/((-110)/176) - (-2034)/(-4))?
31, 1033
Suppose 5*s - 2*i + 2 = 0, 4*i - 1 - 3 = 0. Suppose 152 = -2*d - 2*z + 1970, 3*d + 2*z - 2732 = s. List the prime factors of d.
2, 457
Suppose 0 = -0*f + f + 2*q - 6462, 5*q + 10 = 0. What are the prime factors of f?
2, 53, 61
Suppose 15*p - 19*p = -4456. Let i = p - 635. List the prime factors of i.
479
Let j be 7 + (1 + -1)/5. Suppose 29*p - 3102 = j*p. List the prime factors of p.
3, 47
Suppose -478730 + 131843 = -50*b + 363363. What are the prime factors of b?
3, 5, 947
Suppose -2*t - 3*d + 49549 = 0, 5*t - 24767 = 4*t + d. List the prime factors of t.
2, 5, 2477
Suppose 3*c - 3876 = -2*u, -288*c - 5*u = -286*c - 2573. List the prime factors of c.
2, 647
Let w = 130 + -103. Suppose w*x = -701 + 7073. List the prime factors of x.
2, 59
Suppose 0 = 105*r - 130*r + 887100. What are the prime factors of r?
2, 3, 2957
Let i = 48 + -43. Suppose -2*o + 3*c = 3, 8*o = 9*o + i*c - 5. Suppose 3*m - 72 = -o*m. What are the prime factors of m?
2, 3
Suppose s - 2 = 6. Suppose -3*b = -5*t + 17, 4*t - 4*b = 12 + s. What are the prime factors of 3*-1 + 208/(t - -1)?
101
Let q be -677 + (-14 - (-8 + 1)). Let w = 1379 + q. What are the prime factors of w?
5, 139
List the prime factors of (-273)/1365 - (-35186)/5.
31, 227
Let q(v) = -747*v + 5*v**2 - 6 - 4*v**2 + 746*v. Let y be q(-2). Suppose 3*m + y*m - 389 = 2*p, -4*m - 3*p = -547. List the prime factors of m.
7, 19
Let u(d) be the third derivative of 7*d**5/60 - 5*d**4/6 + 8*d**3/3 + 34*d**2. Let y(o) = -o**3 + 1. Let t(i) = -u(i) - 2*y(i). List the prime factors of t(6).
2, 3, 47
List the prime factors of 2544 - (11 + 4 + -3).
2, 3, 211
Suppose -8*b + 51814 = -30562. What are the prime factors of b?
7, 1471
Suppose -9*s = -13*s - b - 14231, 7115 = -2*s - b. List the prime factors of s/(-12) - (-14)/4.
2, 3, 5
Let u = 30227 - -14934. What are the prime factors of u?
45161
Let s(p) = 17959*p**2 - 61*p - 129. List the prime factors of s(-2).
3, 23, 347
Let u = 60 - 56. Suppose -p - 25 = u*p, -n - 5*p = -23. Suppose -332 = 44*h - n*h. What are the prime factors of h?
83
Let w(g) = 92*g**2 + 4*g + 103. What are the prime factors of w(-11)?
19, 31
Let w(a) = 722*a**2 + 131*a - 4. What are the prime factors of w(4)?
2, 3, 503
Suppose -4*f + 15*f = 2*f. Suppose -18*l + 4*l + 16450 = f. What are the prime factors of l?
5, 47
Let p(a) = 2299*a + 1126. What are the prime factors of p(15)?
149, 239
Suppose 5*c - c + 2*p - 294 = 0, -5*p + 143 = 2*c. Let x = 217 - c. What are the prime factors of x?
11, 13
Let s be 1206/(-12)*(-2)/(-3). Let n = -21 - s. What are the prime factors of n?
2, 23
Suppose -4*p = 2*m - 8, -3*p + 20 = -0*m + 5*m. Suppose 0*l - 9*l + 11124 = p. List the prime factors of l.
2, 3, 103
Suppose -2*q = 4*a - 2, 5*a = 3*q + 11 - 36. Let l(c) be the first derivative of -17*c**4/4 - c**3/3 + 3*c**2/2 + 3*c - 8. What are the prime factors of l(a)?
3, 43
Let i = 616 + -364. Suppose 3*g - i = 294. What are the prime factors of g?
2, 7, 13
List the prime factors of (-32)/(240/(-15)) - 68292/(-2).
2, 8537
Suppose -3*d = d + 24. Let t be 0 - d - (1 - -1). Suppose -2*n + t*n = 96. What are the prime factors of n?
2, 3
Suppose 2*d - 3*v = 207, -87 + 309 = 2*d + 2*v. Let q = -112 + d. List the prime factors of 1098/12 - 6/q.
3, 31
Let w(d) = -679*d**2 - 8*d + 5. Let z(h) = -1358*h**2 - 17*h + 11. Let v(b) = -13*w(b) + 6*z(b). What are the prime factors of v(-1)?
2, 3, 113
Suppose -7*y = -18 + 18. Let q(l) = l**2 + 274. List the prime factors of q(y).
2, 137
Let c be 5/(2/(-732)*-3). Let k = 1058 - c. What are the prime factors of k?
2, 7
Suppose -g - 13 = -3*j, 5*j - 30 = -2*g - 12. Let v be g/((108/109 + -1)/2). Suppose -v = -2*y - 5*c + 79, -5*c = 4*y - 599. What are the prime factors of y?
151
Let a = 14 + -16. List the prime factors of a/25*-5 + 698/5.
2, 5, 7
What are the prime factors of 2*(-8)/((-112)/2051)?
293
Let c = -146 + 164. Suppose -c - 2 = -5*q. Suppose -3*z + 527 = q*j, 2*j = -3*z + 5*j + 555. What are the prime factors of z?
181
Suppose -10*p - 14*p = -5400. Let r = 259 - p. What are the prime factors of r?
2, 17
Let k = 266 - 190. Let r be 2/6 + 688/6. Let v = r - k. List the prime factors of v.
3, 13
Suppose 3*a = 9*a + 78. Let t(y) = -2*y**3 - 24*y**2 + 16*y + 6. What are the prime factors of t(a)?
2, 17
Let t(l) be the third derivative of l**6/720 + 3*l**5/10 + 13*l**4/24 - 23*l**2. Let c(a) be the second derivative of t(a). List the prime factors of c(11).
47
Suppose -5*y - 81*n = -78*n - 323782, -18 = 3*n. What are the prime factors of y?
2, 5, 1619
Let g(r) = -11*r + 4*r + 4 - 2*r - 3*r**2 - 14*r. Let y be g(-7). Suppose -2*b + b + 5*l + y = 0, -b + 18 = -2*l. What are the prime factors of b?
2, 3
Let t = 11339 + -4704. What are the prime factors of t?
5, 1327
Suppose 4*n + 94 = 66. What are the prime factors of (n/(-1) + -6)*81?
3
Suppose -228 - 723 = -3*n. What are the prime factors of n?
317
Let q = 8317 - 3738. List the prime factors of q.
19, 241
Let c(f) = -12*f - 34. Let q be c(-3). What are the prime factors of (0 + (-297)/q)*(-16)/6?
2, 3, 11
Let y(j) = 20*j**2 + 397*j - 1. List the prime factors of y(20).
3, 7, 11, 23
Let s be 124/4 + (2 - 1). Suppose 3*n - 11*n = s. List the prime factors of (3 + 982/n)*(-8)/10.
2, 97
Suppose 0 = -21*y + 12*y - 477. Let j = y + 66. Suppose -16*f + 267 = -j*f. List the prime factors of f.
89
Let f(k) = -9 + 7*k - 16*k - 5. Let s be f(-3). Let h = s - -24. List the prime factors of h.
37
Let v(z) = z**2 - 9*z + 28. Let j(x) = 80*x**2 - x + 2. Let d be j(1). Let r be (12/18)/(6/d). List the prime factors of v(r).
2, 7
Suppose 2*m + 69 = -n + 12, n = 3*m - 82. Let a = 157 + n. What are the prime factors of a?
2, 3, 5
Let j be (38/(-4))/(1 - 4/8). Let s(z) = -z**3 - 20*z**2 - 19*z + 6. Let g be s(j). Suppose 5*a - 60 = 3*q + 239, 3*q - g = 0. What are the prime factors of a?
61
Let l = -127 + 276. Suppose 141*b + 12376 = l*b. What are the prime factors of b?
7, 13, 17
Let y = -89 + 92. List the prime factors of (-6)/54 - y/(81/(-6240)).
3, 7, 11
Let r(m) = m**3 - 31*m**2 + 157*m - 127. List the prime factors of r(37).
2, 3, 193
Suppose -30*d = -110*d + 720. Let h be 2/(-1) - (2 + -120). Let o = h - d. What are the prime factors of o?
107
Let t(q) = 8*q - 173. Let h be t(22). Suppose 0 = 4*x - 2*g - 3868, h*g - 2*g = -4. What are the prime factors of x?
5, 193
Suppose 11*q - 2 = 12*q. Let y be 102 - (-3 - 3*q). Suppose -r + 325 = 4*n, -2*n - y = -4*r - 257. What are the prime factors of n?
3
Suppose 0 = -3*z - 4*w - 2 - 10, 2*z - 12 = 4*w. Suppose 5*a + 4*g - 660 = z, 0*a - 151 = -a + 3*g. What are the prime factors of a?
2, 17
Suppose -26*q + 20 = -21*q. Suppose -20 = -3*d - 4*a + 72, 0 = -q*d + 3*a + 81. Suppose y = -d + 45. List the prime factors of y.
3, 7
Let k(a) be the first derivative of -a**3/3 + 36*a - 11. Let i be k(6). Suppose 22*f - 21*f - 189 = i. List the prime factors of f.
3, 7
What are the prime factors of 7 + (3986/2)/(-9 - -11 - 1)?
2, 5
Suppose 4*s = 5*w - 0*w - 175, -s - 3*w - 31 = 0. Suppose 0 = 23*b - 856 - 1168. Let i = s + b. List the prime factors of i.
2, 3
Let p(o) = o**3 - 25*o**2 - 184*o - 34. What are the prime factors of p(33)?
2, 1303
Let k = 31600 + -22508. List the prime factors of k.
2, 2273
Let v(n) = -n**3 - 14*n**2 - 2*n - 7. Let k = -176 - -162. List the prime factors of v(k).
3, 7
Let c(p) = 19*p + 1884. List the prime factors of c(68).
2, 397
Let i = -1496 + 2349. Let s = -525 + i. List the prime factors of s.
2, 41
Suppose -2*u = -i - 7*u + 12, 5*i = -2*u + 14. Suppose -o + 5*f + 728 = 0, 5*o - 2*f - 3556 = i*f. List the prime factors of o.
2, 3, 59
List the prime factors of ((-53)/(-212) - 38/(-8)) + 8654.
7, 1237
Suppose -60747 + 219171 = 28*m. List the prime factors of m.
2, 3, 23, 41
Let h(o) = 401*o**3 - 7*o**2 - 3*o**2 + 8*o**2 + o + 4*o**2 - 3. List the prime factors of h(1).
401
Let u(d) = 21*d - 6. Suppose -3*c = -5*s - 33, 0 = 2*c + 2*c - 5*s - 39. Suppose -b - c = -3*w, -2*w = -0*b - b - 3.